{"id":14953,"date":"2018-04-05T10:08:01","date_gmt":"2018-04-05T10:08:01","guid":{"rendered":"https:\/\/www.paulonogueiraterapias.com\/curso-de-terapia-multidimensional-en-braga\/"},"modified":"2021-12-10T23:32:39","modified_gmt":"2021-12-10T23:32:39","slug":"curso-de-terapia-multidimensional-en-braga","status":"publish","type":"page","link":"https:\/\/www.paulonogueiraterapias.com\/es\/curso-de-terapia-multidimensional-en-braga\/","title":{"rendered":"Curso de Terapia Multidimensional en Braga"},"content":{"rendered":"<p>[vc_row][vc_column][vc_column_text]<span style=\"font-size: inherit; text-align: justify;\">En los terrenos del Santuario del Bom Jes\u00fas de Braga, tendr\u00e1 lugar la <\/span><a style=\"font-size: inherit; text-align: justify;\" href=\"https:\/\/paulonogueiraterapias.com\/curso-terapia-multidimensional\/\">Curso de Terapia Multidimensional<\/a> <strong style=\"font-size: inherit; text-align: justify;\">en los d\u00edas 12 y 13 de febrero (s\u00e1bado y domingo)<\/strong><span style=\"font-size: inherit; text-align: justify;\"> tra\u00eddo por el entrenador Paulo Nogueira.<\/span><\/p>\n<div style=\"font-size: 10pt; text-align: justify;\">\n<p>\u00a1Esta es la oportunidad con la que los Seres de Luz felicitan a tu coraz\u00f3n, trayendo a las tierras de Braga la Luz de la Terapia Multidimensional de la s\u00e9ptima y novena dimensi\u00f3n con los alegres seres de Sirio y los nobles seres de Ori\u00f3n que nos visitan una vez m\u00e1s en esta edici\u00f3n tan especial!<\/p>\n<p>Con el objetivo de expandir la Espiritualidad en el Norte de Portugal, para formar nuevos servidores de la Luz en el camino de su propia evoluci\u00f3n espiritual y en aquellos con los que entren en contacto, <strong>el valor de esta edici\u00f3n especial ser\u00e1 de s\u00f3lo 120 corazones<\/strong>.<\/p>\n<p>El precio \u00fanico e irrepetible de esta formaci\u00f3n singular no se corresponde con su valor ya que el precio de algo se define por lo que ofrece un producto\/servicio pero el valor de ese mismo algo se define por lo que recibe.<\/p>\n<p>Por lo tanto, aprovecha esta gloriosa oportunidad de trabajar con los maestros de la Gran Hermandad Blanca, con los \u00c1ngeles y Arc\u00e1ngeles, canalizando energ\u00edas de Amor y Sanaci\u00f3n de Jes\u00fas, la Madre Mar\u00eda, San Germ\u00e1n, el Arc\u00e1ngel Miguel, el Maestro Kuthumi (San Francisco de As\u00eds en una de sus encarnaciones) y el Maestro Adama para que tus esfuerzos se multipliquen miles de veces en frutos recogidos en la cosecha del coraz\u00f3n.<\/p>\n<p>\u00a1Siembra un coraz\u00f3n en la tierra f\u00e9rtil del Amor Universal y cosecha un \u00e1rbol! \u00a1Ven y aprende a iluminar otros corazones con la luz de tu coraz\u00f3n y dales la oportunidad de ser bendecidos con la energ\u00eda de los Maestros de la Luz!<\/p>\n<\/div>\n<p>[\/vc_column_text][\/vc_column][\/vc_row][vc_row][vc_column][vc_single_image image=&#8221;13993&#8243; img_size=&#8221;large&#8221; alignment=&#8221;center&#8221; style=&#8221;vc_box_rounded&#8221; onclick=&#8221;custom_link&#8221; css_animation=&#8221;fadeIn&#8221; link=&#8221;https:%2F%2Fwww.paulonogueiraterapias.com%2Fcurso-terapia-multidimensional%2F|&#8221;][vc_column_text]<strong>Cuota de formaci\u00f3n: 120 euros<\/strong> (incluye cuota de preinscripci\u00f3n de 30 euros por transferencia bancaria para reservar su plaza)<br \/>\n<strong>Entrenador:<\/strong> Paulo Nogueira<br \/>\n<strong>Fecha:<\/strong> 12 y 13 de febrero de 2022 (s\u00e1bado y domingo)<br \/>\n<strong>Horario<\/strong> de apertura<strong>:<\/strong> de 10:00 a 18:00<br \/>\n<strong>Inscripci\u00f3n:<\/strong> 912 064 084 o rellenar <a href=\"https:\/\/paulonogueiraterapias.com\/curso-terapia-multidimensional\/\">el formulario<br \/>\n<\/a><strong>Lugar<\/strong>: Yoga Braga (Av. Jo\u00e3o XXI n\u00ba 667 RC, 4715-035 Braga)[\/vc_column_text][\/vc_column][\/vc_row]<\/p>\n","protected":false},"excerpt":{"rendered":"<p>[vc_row][vc_column][vc_column_text]En los terrenos del Santuario del Bom Jes\u00fas de Braga, tendr\u00e1 lugar la Curso de Terapia Multidimensional en los d\u00edas 12 y 13 de febrero (s\u00e1bado y domingo) tra\u00eddo por [&hellip;]<\/p>\n","protected":false},"author":1,"featured_media":0,"parent":0,"menu_order":0,"comment_status":"closed","ping_status":"closed","template":"","meta":{"om_disable_all_campaigns":false,"_mi_skip_tracking":false,"site-sidebar-layout":"default","site-content-layout":"","ast-site-content-layout":"default","site-content-style":"default","site-sidebar-style":"default","ast-global-header-display":"","ast-banner-title-visibility":"","ast-main-header-display":"","ast-hfb-above-header-display":"","ast-hfb-below-header-display":"","ast-hfb-mobile-header-display":"","site-post-title":"","ast-breadcrumbs-content":"","ast-featured-img":"","footer-sml-layout":"","ast-disable-related-posts":"","theme-transparent-header-meta":"","adv-header-id-meta":"","stick-header-meta":"","header-above-stick-meta":"","header-main-stick-meta":"","header-below-stick-meta":"","astra-migrate-meta-layouts":"default","ast-page-background-enabled":"default","ast-page-background-meta":{"desktop":{"background-color":"var(--ast-global-color-5)","background-image":"","background-repeat":"repeat","background-position":"center center","background-size":"auto","background-attachment":"scroll","background-type":"","background-media":"","overlay-type":"","overlay-color":"","overlay-opacity":"","overlay-gradient":""},"tablet":{"background-color":"","background-image":"","background-repeat":"repeat","background-position":"center center","background-size":"auto","background-attachment":"scroll","background-type":"","background-media":"","overlay-type":"","overlay-color":"","overlay-opacity":"","overlay-gradient":""},"mobile":{"background-color":"","background-image":"","background-repeat":"repeat","background-position":"center center","background-size":"auto","background-attachment":"scroll","background-type":"","background-media":"","overlay-type":"","overlay-color":"","overlay-opacity":"","overlay-gradient":""}},"ast-content-background-meta":{"desktop":{"background-color":"var(--ast-global-color-4)","background-image":"","background-repeat":"repeat","background-position":"center center","background-size":"auto","background-attachment":"scroll","background-type":"","background-media":"","overlay-type":"","overlay-color":"","overlay-opacity":"","overlay-gradient":""},"tablet":{"background-color":"var(--ast-global-color-4)","background-image":"","background-repeat":"repeat","background-position":"center center","background-size":"auto","background-attachment":"scroll","background-type":"","background-media":"","overlay-type":"","overlay-color":"","overlay-opacity":"","overlay-gradient":""},"mobile":{"background-color":"var(--ast-global-color-4)","background-image":"","background-repeat":"repeat","background-position":"center center","background-size":"auto","background-attachment":"scroll","background-type":"","background-media":"","overlay-type":"","overlay-color":"","overlay-opacity":"","overlay-gradient":""}},"footnotes":""},"class_list":["post-14953","page","type-page","status-publish","hentry"],"aioseo_notices":[],"_links":{"self":[{"href":"https:\/\/www.paulonogueiraterapias.com\/es\/wp-json\/wp\/v2\/pages\/14953","targetHints":{"allow":["GET"]}}],"collection":[{"href":"https:\/\/www.paulonogueiraterapias.com\/es\/wp-json\/wp\/v2\/pages"}],"about":[{"href":"https:\/\/www.paulonogueiraterapias.com\/es\/wp-json\/wp\/v2\/types\/page"}],"author":[{"embeddable":true,"href":"https:\/\/www.paulonogueiraterapias.com\/es\/wp-json\/wp\/v2\/users\/1"}],"replies":[{"embeddable":true,"href":"https:\/\/www.paulonogueiraterapias.com\/es\/wp-json\/wp\/v2\/comments?post=14953"}],"version-history":[{"count":0,"href":"https:\/\/www.paulonogueiraterapias.com\/es\/wp-json\/wp\/v2\/pages\/14953\/revisions"}],"wp:attachment":[{"href":"https:\/\/www.paulonogueiraterapias.com\/es\/wp-json\/wp\/v2\/media?parent=14953"}],"curies":[{"name":"wp","href":"https:\/\/api.w.org\/{rel}","templated":true}]}}

<p>[vc_row][vc_column][vc_column_text]<span style="font-size: inherit; text-align: justify;">En los terrenos del Santuario del Bom Jesús de Braga, tendrá lugar la </span><a style="font-size: inherit; text-align: justify;" href="https://paulonogueiraterapias.com/curso-terapia-multidimensional/">Curso de Terapia Multidimensional</a> <strong style="font-size: inherit; text-align: justify;">en los días 12 y 13 de febrero (sábado y domingo)</strong><span style="font-size: inherit; text-align: justify;"> traído por el entrenador Paulo Nogueira.</span></p>
<div style="font-size: 10pt; text-align: justify;">
<p>¡Esta es la oportunidad con la que los Seres de Luz felicitan a tu corazón, trayendo a las tierras de Braga la Luz de la Terapia Multidimensional de la séptima y novena dimensión con los alegres seres de Sirio y los nobles seres de Orión que nos visitan una vez más en esta edición tan especial!</p>
<p>Con el objetivo de expandir la Espiritualidad en el Norte de Portugal, para formar nuevos servidores de la Luz en el camino de su propia evolución espiritual y en aquellos con los que entren en contacto, <strong>el valor de esta edición especial será de sólo 120 corazones</strong>.</p>
<p>El precio único e irrepetible de esta formación singular no se corresponde con su valor ya que el precio de algo se define por lo que ofrece un producto/servicio pero el valor de ese mismo algo se define por lo que recibe.</p>
<p>Por lo tanto, aprovecha esta gloriosa oportunidad de trabajar con los maestros de la Gran Hermandad Blanca, con los Ángeles y Arcángeles, canalizando energías de Amor y Sanación de Jesús, la Madre María, San Germán, el Arcángel Miguel, el Maestro Kuthumi (San Francisco de Asís en una de sus encarnaciones) y el Maestro Adama para que tus esfuerzos se multipliquen miles de veces en frutos recogidos en la cosecha del corazón.</p>
<p>¡Siembra un corazón en la tierra fértil del Amor Universal y cosecha un árbol! ¡Ven y aprende a iluminar otros corazones con la luz de tu corazón y dales la oportunidad de ser bendecidos con la energía de los Maestros de la Luz!</p>
</div>
<p>[/vc_column_text][/vc_column][/vc_row][vc_row][vc_column][vc_single_image image=&#8221;13993&#8243; img_size=&#8221;large&#8221; alignment=&#8221;center&#8221; style=&#8221;vc_box_rounded&#8221; onclick=&#8221;custom_link&#8221; css_animation=&#8221;fadeIn&#8221; link=&#8221;https:%2F%2Fwww.paulonogueiraterapias.com%2Fcurso-terapia-multidimensional%2F|&#8221;][vc_column_text]<strong>Cuota de formación: 120 euros</strong> (incluye cuota de preinscripción de 30 euros por transferencia bancaria para reservar su plaza)<br />
<strong>Entrenador:</strong> Paulo Nogueira<br />
<strong>Fecha:</strong> 12 y 13 de febrero de 2022 (sábado y domingo)<br />
<strong>Horario</strong> de apertura<strong>:</strong> de 10:00 a 18:00<br />
<strong>Inscripción:</strong> 912 064 084 o rellenar <a href="https://paulonogueiraterapias.com/curso-terapia-multidimensional/">el formulario<br />
</a><strong>Lugar</strong>: Yoga Braga (Av. João XXI nº 667 RC, 4715-035 Braga)[/vc_column_text][/vc_column][/vc_row]</p>

<p>[vc_row][vc_column][vc_column_text]En los terrenos del Santuario del Bom Jesús de Braga, tendrá lugar la Curso de Terapia Multidimensional en los días 12 y 13 de febrero (sábado y domingo) traído por [&hellip;]</p>
